 = -4*f. What is the remainder when 79 is divided by f?
16
Suppose -10*l + 14*l = 3*b - 269, 440 = 5*b - 5*l. Calculate the remainder when 566 is divided by b.
68
Let q(r) = -6*r + 60. Let o be q(0). Let f = -60 + o. Suppose -4*n + 177 - 41 = f. Calculate the remainder when 167 is divided by n.
31
Calculate the remainder when 1/(-9) + 96/(-108) + 2727 is divided by 130.
126
Let x = -1909 - -4901. Calculate the remainder when x is divided by 107.
103
Let w(i) = -i**3 - 2*i**2 - 2*i + 1. Suppose -4*b + 2*j = -j + 35, -b = 5*j - 20. What is the remainder when w(b) is divided by 30?
26
Let u = 4888 - 4858. What is the remainder when 920 is divided by u?
20
Suppose 2 = -2*t + 14. Suppose -4*p = -t*p - 2. Calculate the remainder when 36 is divided by (10 + -3)/(p/2 - -1).
8
Suppose -107*h + 5124 = -46*h. What is the remainder when 502 is divided by h?
82
Suppose 4*l - 2*g = 3*l - 45, 45 = -l + g. Let x = l + 104. What is the remainder when x is divided by 15?
14
Let s(w) = -4 + 30 + 16 + 18*w - w**2 - 3*w. Let u be s(17). What is the remainder when 83 is divided by 4 + 0 - (u + -33)?
25
What is the remainder when 150*(253/(-46) + (-7)/(-1)) is divided by 12?
9
Let s be (20/3)/(4/6). Let q = -4 + s. Calculate the remainder when (-17)/(-5)*(2 + 3) is divided by q.
5
Let w be (-3)/2*(-4 + 2). Suppose -2167 = -104*d + 2825. Calculate the remainder when d is divided by (-2 - 69/(-9))*w.
14
What is the remainder when 698 is divided by 28/(-10)*(-75)/15?
12
Suppose -3*u + 2 = -10, -2*u = 5*i - 58. Let b = -79 + 86. Suppose b*a - 2*a - 135 = 0. What is the remainder when a is divided by i?
7
Let b be (-1514)/(-3) - (-60)/(-90). Suppose -407*v = -413*v + b. Calculate the remainder when 1174 is divided by v.
82
Let x = 426 + -331. Let w = -69 + x. Calculate the remainder when 83 is divided by w.
5
Suppose 176*d + 722 - 3714 = 0. What is the remainder when 568 is divided by d?
7
Let t(o) = o**3 + 13*o**2 + 44. What is the remainder when t(-12) is divided by 360/16*(4 + (-56)/20)?
26
Let a be (7/(-28))/(1/(-68)). Suppose k - 3*t + t - 9 = 0, -a = -k + 4*t. Calculate the remainder when 1/((-120)/(-56) + -2) is divided by k.
0
Suppose 2*t - 68 + 2 = 0. Suppose -2*c + c = t. Let a = 61 + c. What is the remainder when 51 is divided by a?
23
Let u be 7/(-70) - 63/(-30). Let x = 7 + -6. Suppose -u*t + 11 = -x. What is the remainder when t is divided by 5?
1
Suppose 810 = -77*h + 92*h. Suppose 4*a - 431 = 213. What is the remainder when a is divided by h?
53
Suppose -14*z + 13 - 3 + 18 = 0. Let t = -32 - -11. Let i = -10 - t. What is the remainder when i is divided by z?
1
Let i(r) = r**3 + 4*r + 69. What is the remainder when i(0) is divided by (10/40)/((-2)/(-32))?
1
Suppose -327*v - 8837 = -98359 - 78556. Calculate the remainder when 1070 is divided by v.
42
Let a = 7198 - 6515. What is the remainder when a is divided by 87?
74
Suppose 3*z - 15 = -c, -3*c - c - 24 = -2*z. Suppose -2*f - 2*v - z = -4, 10 = -2*f - 4*v. Calculate the remainder when 10 is divided by f.
1
Suppose 57 = u - 4. Suppose 2*m - 2*r = 366, 35226*m - 35231*m - r + 849 = 0. What is the remainder when m is divided by u?
50
Let b(f) = 25*f + 89. What is the remainder when 1558 is divided by b(12)?
2
Let j be (-10)/45 + -3 + (-78076)/36. What is the remainder when (-2)/28*-2 - j/84 is divided by 6?
2
Let t = -179 + 199. Calculate the remainder when (-6204)/(-20) + (-4)/t is divided by 39.
37
Let d = -3251 + 3670. Calculate the remainder when d is divided by 96.
35
Let r(i) = i**3 - 20*i**2 - 179*i - 187. What is the remainder when r(27) is divided by 23?
14
Let i(d) = -2*d**2 + 29*d - 84. Let y be i(4). What is the remainder when 79 is divided by ((8 - 17) + 52)/(y - -1)?
36
Suppose -4*t + 3*t - 12 = 2*l, 4*t = 3*l + 18. What is the remainder when l*(-4815)/15*2/18 is divided by 66?
16
Let i = -665 - -667. Suppose 3*t = i*t + 5*m + 13, m = 2*t - 53. Calculate the remainder when 160 is divided by t.
20
Let g = 7 - -19. Suppose -25*c - 3 = -g*c. Suppose -c*q = -46 + 19. What is the remainder when 25 is divided by q?
7
Suppose 2*z - 57 = -2*g + 3*z, -5*g + 147 = 2*z. Let m = -3986 + 3991. What is the remainder when g is divided by m?
4
Suppose -11*u + 53*u = 455448. Calculate the remainder when u is divided by 15.
14
Let n = 206 - 201. Suppose -n*b = 4*b - 126. Calculate the remainder when 51 is divided by b.
9
Let s = -111 - -227. Suppose -17 = 9*a - s. Suppose 3*q - 42 = 8*c - a*c, -4*q + 2 = c. What is the remainder when c is divided by 4?
2
Let f(r) = 26*r**2 + 11*r + 3. Let v be f(-3). Let c = -101 + v. What is the remainder when c is divided by 44?
15
Let w = 494 + -510. Let k(p) = -5*p - 61. What is the remainder when 104 is divided by k(w)?
9
Suppose -3*q = -5*x - 104, -5*q + 127 = -3*x - 41. What is the remainder when 136 is divided by q?
4
Let s = -832 - -513. Let m = s + 338. What is the remainder when 23 is divided by m?
4
Suppose -3*x + 78 = -5*q, 2*x - 5*x = q - 60. Let m = 24 + x. Let z = 24 - 8. What is the remainder when m is divided by z?
13
Let a(h) = -3*h**3 - h**2 - h. Let w be a(-3). Let n(l) = 14*l - 3. Let k be n(1). Let f = w - k. Calculate the remainder when f is divided by 35.
29
Suppose 238*b - 233*b = 360. Let t = -57 - -95. What is the remainder when b is divided by t?
34
Let c = -88 + 88. Let j be (1/2*c)/(1 - -2). Let g(x) = x + 6. What is the remainder when g(j) is divided by 3?
0
Suppose 933 = 4*u + 3*m - 2*m, m = -u + 234. Let c = u - 224. What is the remainder when 140 is divided by c?
5
Let z(b) = -2*b**3 + 10*b**2 + 3*b - 10. Let s be z(5). Let v be (s - 2)*1/1. What is the remainder when 34 is divided by (-56)/(-6) + v/((-36)/4)?
7
Suppose 146*h = 11716 - 912. What is the remainder when 141 is divided by h?
67
Suppose -3*h + 1 = -95. Suppose 0*b + b = 25. Let p = b - 14. What is the remainder when h is divided by p?
10
What is the remainder when 923 is divided by (-95 + 92)/(1/(-13))?
26
Let w = -62 + 94. Suppose -46*d = -w*d - 630. Calculate the remainder when 216 is divided by d.
36
Let n(y) = -62*y**3 - y**2 + 4*y. Suppose 0*o - 3*o + 43 = 5*z, -4*z = -4*o + 68. What is the remainder when n(-1) is divided by o?
9
Let m be ((-104)/5)/1*5590/52. Calculate the remainder when m/(-20) + 64/(-80) is divided by 39.
33
Let w = -43 + 43. Let g be w - (-1 + -50 - -1). Suppose 3*r - g = r - 5*q, -4*q + 68 = 3*r. What is the remainder when 58 is divided by r?
18
Suppose -65*v + 332 = -66*v. Let c = v - -429. What is the remainder when c is divided by 6?
1
Let g = -8822 + 8913. What is the remainder when 530 is divided by g?
75
Let c = 3 - -1. Suppose -c*x - 119 = y - 4*y, 4*x = -4*y + 112. Suppose -3*o + 0*o = -21. What is the remainder when y is divided by o?
5
Let i = -16 + 23. Let j(n) = n**3 + 13*n**2 - 85*n - 126. Calculate the remainder when j(-17) is divided by i.
2
Let n(d) = -d**3 - 39*d**2 + 134*d + 540. What is the remainder when 2007 is divided by n(-42)?
171
Let u be (-185276)/(-52)*(-16)/(-14). Suppose -4*q = -3*o - u, -3*o + 5090 = 5*q - 7*o. Calculate the remainder when q is divided by 15.
13
Let x(s) = s**3 + 5*s**2 - 14*s - 2. Let r be x(-7). Let l(w) = -w**2 - 9*w - 9. What is the remainder when r/11 + (-4077)/(-99) is divided by l(-6)?
5
Suppose 2*f = -7 + 13. Suppose -77 = z - 4*z - 5*n, -15 = f*n. Let q = 9 + -2. Calculate the remainder when z is divided by q.
6
Suppose -5*z + 5*s + 495 = 0, -91*s + 89*s = -4*z + 388. Calculate the remainder when 850 is divided by z.
90
Let y(w) = -w**3 - 37*w**2 + 68*w - 6. Calculate the remainder when y(-39) is divided by 79.
68
Let t = 176 - 177. Calculate the remainder when 153 is divided by ((-8)/36)/t + (-2904)/(-54).
45
Suppose 3*u + 3*g = 63, -9*u + 5*g = -13*u + 89. Suppose -3*d - 2*v = -u - 24, -4*d + 60 = 4*v. Calculate the remainder when (74/4)/((-1)/(-2)) is divided by d.
7
Let y = 630591 - 630552. What is the remainder when y is divided by (14/6)/(2/24)?
11
Let o = 6810 + -4706. Suppose q - 4*p = -3*q + o, 0 = 4*q + 4*p - 2128. Suppose -2*c = -8, 4*k + 2*c - q = -5. Calculate the remainder when k is divided by 26.
25
Suppose h - 22 = 2*c + 6, 0 = -5*c - 25. Suppose -454*u - 3431 = -21137. What is the remainder when u is divided by h?
3
Suppose -3*z + 5*g = 11 + 10, -4*g + 4 = 4*z. Let r(f) = -16*f*